y 330?
102
What is the remainder when 86589 is divided by 333?
9
What is the remainder when 85793 is divided by 10723?
9
What is the remainder when 13945 is divided by 22?
19
Calculate the remainder when 7876 is divided by 23.
10
Calculate the remainder when 38075 is divided by 76.
75
What is the remainder when 60946 is divided by 50?
46
What is the remainder when 1762 is divided by 1758?
4
What is the remainder when 757367 is divided by 7?
2
What is the remainder when 56601 is divided by 318?
315
Calculate the remainder when 78728 is divided by 224.
104
Calculate the remainder when 298319 is divided by 17.
3
What is the remainder when 2763 is divided by 257?
193
Calculate the remainder when 2731 is divided by 1159.
413
What is the remainder when 147327 is divided by 7?
5
What is the remainder when 102900 is divided by 40?
20
What is the remainder when 7837 is divided by 1956?
13
Calculate the remainder when 33828 is divided by 376.
364
What is the remainder when 3311 is divided by 303?
281
Calculate the remainder when 4146 is divided by 516.
18
What is the remainder when 6530 is divided by 648?
50
Calculate the remainder when 4851 is divided by 828.
711
What is the remainder when 18039 is divided by 48?
39
Calculate the remainder when 305728 is divided by 39.
7
Calculate the remainder when 77524 is divided by 8612.
16
Calculate the remainder when 200404 is divided by 13.
9
What is the remainder when 65346 is divided by 799?
627
What is the remainder when 43628 is divided by 72?
68
Calculate the remainder when 9451 is divided by 249.
238
What is the remainder when 31217 is divided by 256?
241
Calculate the remainder when 898 is divided by 888.
10
Calculate the remainder when 15122 is divided by 1233.
326
Calculate the remainder when 103925 is divided by 23.
11
What is the remainder when 8030 is divided by 1008?
974
What is the remainder when 33015 is divided by 260?
255
What is the remainder when 145482 is divided by 31?
30
Calculate the remainder when 15511 is divided by 304.
7
Calculate the remainder when 86688 is divided by 103.
65
What is the remainder when 6672 is divided by 75?
72
Calculate the remainder when 269 is divided by 122.
25
What is the remainder when 148987 is divided by 75?
37
What is the remainder when 47083 is divided by 371?
337
Calculate the remainder when 5783 is divided by 65.
63
Calculate the remainder when 1463518 is divided by 24.
22
Calculate the remainder when 238932 is divided by 651.
15
What is the remainder when 46605 is divided by 77?
20
Calculate the remainder when 17580 is divided by 1953.
3
What is the remainder when 11298 is divided by 130?
118
Calculate the remainder when 230827 is divided by 5.
2
Calculate the remainder when 32068 is divided by 10689.
1
Calculate the remainder when 21341 is divided by 6.
5
What is the remainder when 3136 is divided by 1395?
346
What is the remainder when 7612998 is divided by 184?
182
Calculate the remainder when 1131 is divided by 835.
296
What is the remainder when 1383 is divided by 204?
159
Calculate the remainder when 19116 is divided by 2369.
164
Calculate the remainder when 2772 is divided by 888.
108
Calculate the remainder when 10256 is divided by 512.
16
Calculate the remainder when 7328 is divided by 7321.
7
What is the remainder when 26164 is divided by 708?
676
Calculate the remainder when 1485 is divided by 366.
21
What is the remainder when 300188 is divided by 24?
20
Calculate the remainder when 359088 is divided by 745.
743
What is the remainder when 28498 is divided by 257?
228
Calculate the remainder when 5385 is divided by 205.
55
Calculate the remainder when 44218 is divided by 330.
328
What is the remainder when 25841 is divided by 32?
17
Calculate the remainder when 1615 is divided by 148.
135
Calculate the remainder when 8897 is divided by 459.
176
What is the remainder when 607 is divided by 575?
32
Calculate the remainder when 49141 is divided by 16216.
493
Calculate the remainder when 195720 is divided by 21745.
15
What is the remainder when 6060 is divided by 1455?
240
What is the remainder when 4271 is divided by 39?
20
Calculate the remainder when 111907 is divided by 54.
19
What is the remainder when 7912 is divided by 466?
456
Calculate the remainder when 753473 is divided by 41859.
11
What is the remainder when 22290 is divided by 164?
150
Calculate the remainder when 1973159 is divided by 45.
44
What is the remainder when 827230 is divided by 168?
166
Calculate the remainder when 5040 is divided by 174.
168
Calculate the remainder when 97201 is divided by 136.
97
Calculate the remainder when 93123 is divided by 5173.
9
Calculate the remainder when 125647 is divided by 374.
357
What is the remainder when 5970 is divided by 103?
99
What is the remainder when 23819 is divided by 83?
81
What is the remainder when 31103 is divided by 54?
53
Calculate the remainder when 42842 is divided by 242.
8
Calculate the remainder when 27046 is divided by 138.
136
What is the remainder when 47037 is divided by 27?
3
What is the remainder when 21214 is divided by 684?
10
What is the remainder when 1005200 is divided by 143600?
0
What is the remainder when 1519190 is divided by 30?
20
Calculate the remainder when 1994 is divided by 66.
14
Calculate the remainder when 321998 is divided by 19.
5
Calculate the remainder when 18718 is divided by 96.
94
What is the remainder when 5677 is divided by 132?
1
Calculate the remainder when 35264 is divided by 294.
278
What is the remainder when 42144 is divided by 63?
60
Calculate the remainder when 1743269 is divided by 871629.
11
Calculate the remainder when 418060 is divided by 109.
45
Calculate the remainder when 34089 is divided by 349.
236
Calculate the remainder when 9908 is divided by 181.
134
What is the remainder when 2563757 is divided by 365?
362
Calculate the remainder when 21023393 is divided by 217.
216
What is the remainder when 923548 is divided by 705?
703
Calculate the remainder when 378510 is divided by 25.
10
Calculate the remainder when 2676 is divided by 1291.
94
Calculate the remainder when 159288 is divided by 135.
123
Calculate the remainder when 7552 is divided by 252.
244
Calculate the remainder when 28833 is divided by 70.
63
What is the remainder when 125901 is divided by 9681?
48
What is the remainder when 17033 is divided by 487?
475
What is the remainder when 862 is divided by 368?
126
Calculate the remainder when 15039 is divided by 5012.
3
What is the remainder when 8756 is divided by 76?
16
Calculate the remainder when 111503 is divided by 627.
524
Calculate the remainder when 107503 is divided by 4300.
3
Calculate the remainder when 24966 is divided by 778.
70
What is the remainder when 9146 is divided by 652?
18
What is the remainder when 72502 is divided by 19?
17
What is the remainder when 12187 is divided by 125?
62
What is the remainder when 182 is divided by 85?
12
Calculate the remainder when 227 is divided by 60.
47
What is the remainder when 4478 is divided by 16?
14
Calculate the remainder when 7689 is divided by 1021.
542
Calculate the remainder when 120741 is divided by 344.
341
What is the remainder when 576 is divided by 39?
30
What is the remainder when 148046 is divided by 41?
36
What is the remainder when 31997 is divided by 727?
9
What is the remainder when 50426 is divided by 14?
12
Calculate the remainder when 3054058 is divided by 15.
13
What is the remainder when 238018 is divided by 67?
34
What is the remainder when 6523 is divided by 3172?
179
What is the remainder when 216 is divided by 134?
82
Calculate the remainder when 781350 is divided by 52.
50
What is the remainder when 164596 is divided by 79?
39
Calculate the remainder when 44393 is divided by 1848.
41
Calculate the remainder when 66451 is divided by 222.
73
What is the remainder when 19848 is divided by 187?
26
Calculate the remainder when 29600 is divided by 402.
254
Calculate the remainder when 107893 is divided by 333.
1
Calculate the remainder when 44439 is divided by 22126.
187
What is the remainder when 44253 is divided by 96?
93
What is the remainder when 143824 is divided by 5136?
16
What is the remainder when 198625 is divided by 18?
13
What is the remainder when 22491 is divided by 